ed by 482.
206
What is the remainder when 22113 is divided by 516?
441
What is the remainder when 3522 is divided by 353?
345
Calculate the remainder when 279459 is divided by 3776.
35
Calculate the remainder when 12681 is divided by 22.
9
What is the remainder when 84091 is divided by 144?
139
What is the remainder when 113021 is divided by 702?
701
Calculate the remainder when 4182 is divided by 352.
310
What is the remainder when 430 is divided by 357?
73
What is the remainder when 122501 is divided by 492?
485
What is the remainder when 252045 is divided by 5601?
0
What is the remainder when 84566 is divided by 248?
246
Calculate the remainder when 13272 is divided by 698.
10
Calculate the remainder when 650 is divided by 20.
10
What is the remainder when 19055 is divided by 49?
43
What is the remainder when 1818 is divided by 39?
24
Calculate the remainder when 6307 is divided by 1837.
796
What is the remainder when 10311 is divided by 306?
213
Calculate the remainder when 24782 is divided by 306.
302
Calculate the remainder when 103766 is divided by 56.
54
What is the remainder when 9750 is divided by 227?
216
Calculate the remainder when 894 is divided by 752.
142
Calculate the remainder when 44512 is divided by 506.
490
Calculate the remainder when 3286 is divided by 1074.
64
Calculate the remainder when 2679 is divided by 50.
29
Calculate the remainder when 23888 is divided by 3299.
795
What is the remainder when 3059 is divided by 598?
69
What is the remainder when 1388 is divided by 8?
4
Calculate the remainder when 140541 is divided by 256.
253
Calculate the remainder when 279354 is divided by 7550.
4
Calculate the remainder when 1183930 is divided by 117.
7
What is the remainder when 111713 is divided by 11?
8
What is the remainder when 470367 is divided by 556?
547
What is the remainder when 1565560 is divided by 589?
587
Calculate the remainder when 3218 is divided by 291.
17
Calculate the remainder when 54725 is divided by 13674.
29
Calculate the remainder when 5505 is divided by 1828.
21
Calculate the remainder when 12067 is divided by 389.
8
Calculate the remainder when 3242 is divided by 642.
32
What is the remainder when 34476 is divided by 50?
26
What is the remainder when 8352 is divided by 118?
92
Calculate the remainder when 2673 is divided by 2652.
21
Calculate the remainder when 2621898 is divided by 1310948.
2
Calculate the remainder when 997 is divided by 492.
13
Calculate the remainder when 103577 is divided by 37.
14
What is the remainder when 1898 is divided by 1896?
2
What is the remainder when 45 is divided by 35?
10
What is the remainder when 494497 is divided by 31?
16
What is the remainder when 106484 is divided by 950?
84
Calculate the remainder when 16940 is divided by 5323.
971
What is the remainder when 11027 is divided by 1553?
156
What is the remainder when 30644 is divided by 30636?
8
Calculate the remainder when 2046 is divided by 1785.
261
What is the remainder when 73910 is divided by 4?
2
Calculate the remainder when 792 is divided by 320.
152
What is the remainder when 4015 is divided by 41?
38
Calculate the remainder when 5318 is divided by 426.
206
What is the remainder when 67844 is divided by 968?
84
What is the remainder when 39436 is divided by 349?
348
Calculate the remainder when 50596 is divided by 25282.
32
Calculate the remainder when 2844099 is divided by 478.
477
Calculate the remainder when 2173805 is divided by 208.
205
Calculate the remainder when 4455 is divided by 431.
145
What is the remainder when 8413 is divided by 718?
515
Calculate the remainder when 4438 is divided by 73.
58
Calculate the remainder when 44676 is divided by 5560.
196
Calculate the remainder when 1937127 is divided by 15.
12
What is the remainder when 912 is divided by 136?
96
Calculate the remainder when 94643 is divided by 910.
3
What is the remainder when 12339 is divided by 375?
339
Calculate the remainder when 41059 is divided by 9.
1
What is the remainder when 69364 is divided by 67?
19
What is the remainder when 10019 is divided by 44?
31
What is the remainder when 58862 is divided by 406?
398
What is the remainder when 52789 is divided by 8?
5
Calculate the remainder when 1404229 is divided by 39.
34
Calculate the remainder when 30787 is divided by 235.
2
What is the remainder when 111052 is divided by 167?
164
Calculate the remainder when 6266 is divided by 528.
458
What is the remainder when 12186 is divided by 46?
42
Calculate the remainder when 963 is divided by 162.
153
Calculate the remainder when 9910 is divided by 4304.
1302
Calculate the remainder when 76779 is divided by 143.
131
Calculate the remainder when 79865 is divided by 162.
161
Calculate the remainder when 42065 is divided by 14014.
23
Calculate the remainder when 2811 is divided by 218.
195
Calculate the remainder when 80754 is divided by 10085.
74
What is the remainder when 5327 is divided by 1709?
200
What is the remainder when 5781 is divided by 1446?
1443
What is the remainder when 6349 is divided by 231?
112
Calculate the remainder when 4264 is divided by 912.
616
Calculate the remainder when 7389 is divided by 1796.
205
What is the remainder when 3886 is divided by 168?
22
What is the remainder when 44867 is divided by 52?
43
Calculate the remainder when 3111 is divided by 619.
16
What is the remainder when 5695 is divided by 150?
145
Calculate the remainder when 3089 is divided by 769.
13
Calculate the remainder when 69643 is divided by 23205.
28
What is the remainder when 179798 is divided by 310?
308
What is the remainder when 20421 is divided by 659?
651
Calculate the remainder when 8546 is divided by 103.
100
Calculate the remainder when 2227 is divided by 218.
47
What is the remainder when 64044 is divided by 427?
421
What is the remainder when 1172 is divided by 950?
222
Calculate the remainder when 15426 is divided by 7709.
8
What is the remainder when 92767 is divided by 40?
7
Calculate the remainder when 239300 is divided by 924.
908
What is the remainder when 30980 is divided by 5162?
8
What is the remainder when 27845 is divided by 9233?
146
What is the remainder when 4036 is divided by 139?
5
What is the remainder when 20142 is divided by 504?
486
What is the remainder when 5351 is divided by 144?
23
Calculate the remainder when 10283 is divided by 107.
11
Calculate the remainder when 484226 is divided by 68.
66
What is the remainder when 3749 is divided by 269?
252
What is the remainder when 22001 is divided by 216?
185
What is the remainder when 497329 is divided by 254?
251
Calculate the remainder when 9858 is divided by 22.
2
What is the remainder when 85800 is divided by 1430?
0
What is the remainder when 3982 is divided by 416?
238
Calculate the remainder when 4035 is divided by 1344.
3
What is the remainder when 115638 is divided by 2689?
11
Calculate the remainder when 4869 is divided by 43.
10
Calculate the remainder when 1471 is divided by 112.
15
What is the remainder when 3690 is divided by 10?
0
What is the remainder when 1900842 is divided by 209?
196
What is the remainder when 1234 is divided by 747?
487
Calculate the remainder when 1437 is divided by 489.
459
Calculate the remainder when 497542 is divided by 82923.
4
What is the remainder when 9555 is divided by 217?
7
What is the remainder when 2996 is divided by 442?
344
What is the remainder when 249728 is divided by 14?
10
Calculate the remainder when 3373 is divided by 1482.
409
What is the remainder when 81239 is divided by 10?
9
What is the remainder when 730 is divided by 146?
0
What is the remainder when 53843 is divided by 8971?
17
What is the remainder when 67806 is divided by 16924?
110
What is the remainder when 142997 is divided by 50?
47
What is the remainder when 1202 is divided by 357?
131
What is the remainder when 12242 is divided by 51?
2
What is the remainder when 10453 is divided by 696?
13
What is the remainder when 68334 is divided by 27?
24
Calculate the remainder when 414 is divided by 131.
21
What is the remainder when 11484 is divided by 94?
16
What is the remainder when 11611 is divided by 26?
15
What is the remainder when 19966 is divided by 6582?
220
What is the remainder when 3596 is divided by 2189?
1407
Calc